{"id":38644,"date":"2026-04-21T11:21:27","date_gmt":"2026-04-21T11:21:27","guid":{"rendered":"https:\/\/arte-coa.pt\/?page_id=38644"},"modified":"2026-04-29T10:35:41","modified_gmt":"2026-04-29T10:35:41","slug":"sustentabilidade","status":"publish","type":"page","link":"https:\/\/arte-coa.pt\/en\/foundation\/sustentabilidade\/","title":{"rendered":"A FCP e os Objetivos de Desenvolvimento Sustent\u00e1vel (ODS)"},"content":{"rendered":"<div id=\"cmsmasters_row_ji8x2qpvr\" class=\"cmsmasters_row cmsmasters_color_scheme_default cmsmasters_row_top_default cmsmasters_row_bot_default cmsmasters_row_boxed\">\n<div class=\"cmsmasters_row_outer_parent\">\n<div class=\"cmsmasters_row_outer\">\n<div class=\"cmsmasters_row_inner\">\n<div class=\"cmsmasters_row_margin\">\n<div id=\"cmsmasters_column_4k6ovgayv\" class=\"cmsmasters_column one_third\">\n<div class=\"cmsmasters_column_inner\"><\/div><\/div>\n<div id=\"cmsmasters_column_7nkhzr8j5n\" class=\"cmsmasters_column two_third\">\n<div class=\"cmsmasters_column_inner\"><\/div><\/div>\n<\/div>\n<\/div>\n<\/div>\n<\/div>\n<\/div>\n<div id=\"cmsmasters_row_ys004ruhcv\" class=\"cmsmasters_row cmsmasters_color_scheme_default cmsmasters_row_top_default cmsmasters_row_bot_default cmsmasters_row_boxed\">\n<div class=\"cmsmasters_row_outer_parent\">\n<div class=\"cmsmasters_row_outer\">\n<div class=\"cmsmasters_row_inner\">\n<div class=\"cmsmasters_row_margin\">\n<div id=\"cmsmasters_column_rtzdddn6hi\" class=\"cmsmasters_column one_third\">\n<div class=\"cmsmasters_column_inner\"><div class=\"cmsmasters_img  cmsmasters_image_n\"><img decoding=\"async\" src=\"https:\/\/arte-coa.pt\/wp-content\/uploads\/2026\/04\/Portuguese-SDG-Icons-11-300x203.jpg\" \/><\/div>\n<\/div><\/div>\n<div id=\"cmsmasters_column_ykzczhy5co\" class=\"cmsmasters_column two_third\">\n<div class=\"cmsmasters_column_inner\"><div class=\"cmsmasters_text\">\n<p>Em novembro de 2025, a <strong>Funda\u00e7\u00e3o C\u00f4a Parque (FCP)<\/strong> iniciou o processo de integra\u00e7\u00e3o dos <strong>Objetivos de Desenvolvimento Sustent\u00e1vel (ODS)<\/strong> nas suas \u00e1reas de atua\u00e7\u00e3o. Esta iniciativa reflete o compromisso desta institui\u00e7\u00e3o com a promo\u00e7\u00e3o de uma gest\u00e3o respons\u00e1vel, ambientalmente consciente, alinhada com a <a href=\"https:\/\/unric.org\/pt\/objetivos-de-desenvolvimento-sustentavel\/\">Agenda 2030 das Na\u00e7\u00f5es Unidas<\/a>.<\/p>\n<p>A incorpora\u00e7\u00e3o dos ODS orienta o desenvolvimento dos projetos e atividades da FCP, refor\u00e7ando o seu papel como agente ativo na valoriza\u00e7\u00e3o do patrim\u00f3nio cultural, natural, social e educativo do Vale do C\u00f4a.<\/p>\n<p>Os ODS para os quais a FCP mais contribui, s\u00e3o;<\/p>\n<ul>\n<li>ODS 4 \u2013 Educa\u00e7\u00e3o de qualidade<\/li>\n<li>ODS 8 \u2013 Trabalho digno e crescimento econ\u00f3mico<\/li>\n<li>ODS 11 \u2013 Cidades e comunidades sustent\u00e1veis<\/li>\n<li>ODS 13 \u2013 A\u00e7\u00e3o clim\u00e1tica<\/li>\n<li>ODS 17 \u2013 Parcerias para a implementa\u00e7\u00e3o dos objetivos<\/li>\n<\/ul>\n<\/div>\n<\/div><\/div>\n<\/div>\n<\/div>\n<\/div>\n<\/div>\n<\/div>\n\n","protected":false},"excerpt":{"rendered":"","protected":false},"author":10,"featured_media":0,"parent":20816,"menu_order":0,"comment_status":"closed","ping_status":"closed","template":"","meta":{"_acf_changed":false,"footnotes":""},"class_list":["post-38644","page","type-page","status-publish","hentry"],"acf":[],"yoast_head":"<!-- This site is optimized with the Yoast SEO plugin v27.0 - https:\/\/yoast.com\/product\/yoast-seo-wordpress\/ -->\n<title>A FCP e os Objetivos de Desenvolvimento Sustent\u00e1vel (ODS) - C\u00f4a Parque<\/title>\n<meta name=\"robots\" content=\"index, follow, max-snippet:-1, max-image-preview:large, max-video-preview:-1\" \/>\n<link rel=\"canonical\" href=\"https:\/\/arte-coa.pt\/en\/foundation\/sustentabilidade\/\" \/>\n<meta property=\"og:locale\" content=\"en_US\" \/>\n<meta property=\"og:type\" content=\"article\" \/>\n<meta property=\"og:title\" content=\"A FCP e os Objetivos de Desenvolvimento Sustent\u00e1vel (ODS) - C\u00f4a Parque\" \/>\n<meta property=\"og:url\" content=\"https:\/\/arte-coa.pt\/en\/foundation\/sustentabilidade\/\" \/>\n<meta property=\"og:site_name\" content=\"C\u00f4a Parque\" \/>\n<meta property=\"article:modified_time\" content=\"2026-04-29T10:35:41+00:00\" \/>\n<meta name=\"twitter:card\" content=\"summary_large_image\" \/>\n<meta name=\"twitter:label1\" content=\"Est. reading time\" \/>\n\t<meta name=\"twitter:data1\" content=\"1 minute\" \/>\n<script type=\"application\/ld+json\" class=\"yoast-schema-graph\">{\"@context\":\"https:\/\/schema.org\",\"@graph\":[{\"@type\":\"WebPage\",\"@id\":\"https:\/\/arte-coa.pt\/en\/foundation\/sustentabilidade\/\",\"url\":\"https:\/\/arte-coa.pt\/en\/foundation\/sustentabilidade\/\",\"name\":\"A FCP e os Objetivos de Desenvolvimento Sustent\u00e1vel (ODS) - C\u00f4a Parque\",\"isPartOf\":{\"@id\":\"https:\/\/arte-coa.pt\/en\/#website\"},\"datePublished\":\"2026-04-21T11:21:27+00:00\",\"dateModified\":\"2026-04-29T10:35:41+00:00\",\"breadcrumb\":{\"@id\":\"https:\/\/arte-coa.pt\/en\/foundation\/sustentabilidade\/#breadcrumb\"},\"inLanguage\":\"en-US\",\"potentialAction\":[{\"@type\":\"ReadAction\",\"target\":[\"https:\/\/arte-coa.pt\/en\/foundation\/sustentabilidade\/\"]}]},{\"@type\":\"BreadcrumbList\",\"@id\":\"https:\/\/arte-coa.pt\/en\/foundation\/sustentabilidade\/#breadcrumb\",\"itemListElement\":[{\"@type\":\"ListItem\",\"position\":1,\"name\":\"Home\",\"item\":\"https:\/\/arte-coa.pt\/en\/\"},{\"@type\":\"ListItem\",\"position\":2,\"name\":\"Foundation\",\"item\":\"https:\/\/arte-coa.pt\/en\/foundation\/\"},{\"@type\":\"ListItem\",\"position\":3,\"name\":\"A FCP e os Objetivos de Desenvolvimento Sustent\u00e1vel (ODS)\"}]},{\"@type\":\"WebSite\",\"@id\":\"https:\/\/arte-coa.pt\/en\/#website\",\"url\":\"https:\/\/arte-coa.pt\/en\/\",\"name\":\"C\u00f4a Parque\",\"description\":\"Arte C\u00f4a\",\"potentialAction\":[{\"@type\":\"SearchAction\",\"target\":{\"@type\":\"EntryPoint\",\"urlTemplate\":\"https:\/\/arte-coa.pt\/en\/?s={search_term_string}\"},\"query-input\":{\"@type\":\"PropertyValueSpecification\",\"valueRequired\":true,\"valueName\":\"search_term_string\"}}],\"inLanguage\":\"en-US\"}]}<\/script>\n<!-- \/ Yoast SEO plugin. -->","yoast_head_json":{"title":"A FCP e os Objetivos de Desenvolvimento Sustent\u00e1vel (ODS) - C\u00f4a Parque","robots":{"index":"index","follow":"follow","max-snippet":"max-snippet:-1","max-image-preview":"max-image-preview:large","max-video-preview":"max-video-preview:-1"},"canonical":"https:\/\/arte-coa.pt\/en\/foundation\/sustentabilidade\/","og_locale":"en_US","og_type":"article","og_title":"A FCP e os Objetivos de Desenvolvimento Sustent\u00e1vel (ODS) - C\u00f4a Parque","og_url":"https:\/\/arte-coa.pt\/en\/foundation\/sustentabilidade\/","og_site_name":"C\u00f4a Parque","article_modified_time":"2026-04-29T10:35:41+00:00","twitter_card":"summary_large_image","twitter_misc":{"Est. reading time":"1 minute"},"schema":{"@context":"https:\/\/schema.org","@graph":[{"@type":"WebPage","@id":"https:\/\/arte-coa.pt\/en\/foundation\/sustentabilidade\/","url":"https:\/\/arte-coa.pt\/en\/foundation\/sustentabilidade\/","name":"A FCP e os Objetivos de Desenvolvimento Sustent\u00e1vel (ODS) - C\u00f4a Parque","isPartOf":{"@id":"https:\/\/arte-coa.pt\/en\/#website"},"datePublished":"2026-04-21T11:21:27+00:00","dateModified":"2026-04-29T10:35:41+00:00","breadcrumb":{"@id":"https:\/\/arte-coa.pt\/en\/foundation\/sustentabilidade\/#breadcrumb"},"inLanguage":"en-US","potentialAction":[{"@type":"ReadAction","target":["https:\/\/arte-coa.pt\/en\/foundation\/sustentabilidade\/"]}]},{"@type":"BreadcrumbList","@id":"https:\/\/arte-coa.pt\/en\/foundation\/sustentabilidade\/#breadcrumb","itemListElement":[{"@type":"ListItem","position":1,"name":"Home","item":"https:\/\/arte-coa.pt\/en\/"},{"@type":"ListItem","position":2,"name":"Foundation","item":"https:\/\/arte-coa.pt\/en\/foundation\/"},{"@type":"ListItem","position":3,"name":"A FCP e os Objetivos de Desenvolvimento Sustent\u00e1vel (ODS)"}]},{"@type":"WebSite","@id":"https:\/\/arte-coa.pt\/en\/#website","url":"https:\/\/arte-coa.pt\/en\/","name":"C\u00f4a Parque","description":"Arte C\u00f4a","potentialAction":[{"@type":"SearchAction","target":{"@type":"EntryPoint","urlTemplate":"https:\/\/arte-coa.pt\/en\/?s={search_term_string}"},"query-input":{"@type":"PropertyValueSpecification","valueRequired":true,"valueName":"search_term_string"}}],"inLanguage":"en-US"}]}},"_links":{"self":[{"href":"https:\/\/arte-coa.pt\/en\/wp-json\/wp\/v2\/pages\/38644","targetHints":{"allow":["GET"]}}],"collection":[{"href":"https:\/\/arte-coa.pt\/en\/wp-json\/wp\/v2\/pages"}],"about":[{"href":"https:\/\/arte-coa.pt\/en\/wp-json\/wp\/v2\/types\/page"}],"author":[{"embeddable":true,"href":"https:\/\/arte-coa.pt\/en\/wp-json\/wp\/v2\/users\/10"}],"replies":[{"embeddable":true,"href":"https:\/\/arte-coa.pt\/en\/wp-json\/wp\/v2\/comments?post=38644"}],"version-history":[{"count":2,"href":"https:\/\/arte-coa.pt\/en\/wp-json\/wp\/v2\/pages\/38644\/revisions"}],"predecessor-version":[{"id":38655,"href":"https:\/\/arte-coa.pt\/en\/wp-json\/wp\/v2\/pages\/38644\/revisions\/38655"}],"up":[{"embeddable":true,"href":"https:\/\/arte-coa.pt\/en\/wp-json\/wp\/v2\/pages\/20816"}],"wp:attachment":[{"href":"https:\/\/arte-coa.pt\/en\/wp-json\/wp\/v2\/media?parent=38644"}],"curies":[{"name":"wp","href":"https:\/\/api.w.org\/{rel}","templated":true}]}}

A FCP e os Objetivos de Desenvolvimento Sustentável (ODS)

<div id="cmsmasters_row_ji8x2qpvr" class="cmsmasters_row cmsmasters_color_scheme_default cmsmasters_row_top_default cmsmasters_row_bot_default cmsmasters_row_boxed">
<div class="cmsmasters_row_outer_parent">
<div class="cmsmasters_row_outer">
<div class="cmsmasters_row_inner">
<div class="cmsmasters_row_margin">
<div id="cmsmasters_column_4k6ovgayv" class="cmsmasters_column one_third">
<div class="cmsmasters_column_inner"></div></div>
<div id="cmsmasters_column_7nkhzr8j5n" class="cmsmasters_column two_third">
<div class="cmsmasters_column_inner"></div></div>
</div>
</div>
</div>
</div>
</div>
<div id="cmsmasters_row_ys004ruhcv" class="cmsmasters_row cmsmasters_color_scheme_default cmsmasters_row_top_default cmsmasters_row_bot_default cmsmasters_row_boxed">
<div class="cmsmasters_row_outer_parent">
<div class="cmsmasters_row_outer">
<div class="cmsmasters_row_inner">
<div class="cmsmasters_row_margin">
<div id="cmsmasters_column_rtzdddn6hi" class="cmsmasters_column one_third">
<div class="cmsmasters_column_inner"><div class="cmsmasters_img  cmsmasters_image_n"><img decoding="async" src="https://arte-coa.pt/wp-content/uploads/2026/04/Portuguese-SDG-Icons-11-300x203.jpg" /></div>
</div></div>
<div id="cmsmasters_column_ykzczhy5co" class="cmsmasters_column two_third">
<div class="cmsmasters_column_inner"><div class="cmsmasters_text">
<p>Em novembro de 2025, a <strong>Fundação Côa Parque (FCP)</strong> iniciou o processo de integração dos <strong>Objetivos de Desenvolvimento Sustentável (ODS)</strong> nas suas áreas de atuação. Esta iniciativa reflete o compromisso desta instituição com a promoção de uma gestão responsável, ambientalmente consciente, alinhada com a <a href="https://unric.org/pt/objetivos-de-desenvolvimento-sustentavel/">Agenda 2030 das Nações Unidas</a>.</p>
<p>A incorporação dos ODS orienta o desenvolvimento dos projetos e atividades da FCP, reforçando o seu papel como agente ativo na valorização do património cultural, natural, social e educativo do Vale do Côa.</p>
<p>Os ODS para os quais a FCP mais contribui, são;</p>
<ul>
<li>ODS 4 – Educação de qualidade</li>
<li>ODS 8 – Trabalho digno e crescimento económico</li>
<li>ODS 11 – Cidades e comunidades sustentáveis</li>
<li>ODS 13 – Ação climática</li>
<li>ODS 17 – Parcerias para a implementação dos objetivos</li>
</ul>
</div>
</div></div>
</div>
</div>
</div>
</div>
</div>

<!-- This site is optimized with the Yoast SEO plugin v27.0 - https://yoast.com/product/yoast-seo-wordpress/ -->
<title>A FCP e os Objetivos de Desenvolvimento Sustentável (ODS) - Côa Parque</title>
<meta name="robots" content="index, follow, max-snippet:-1, max-image-preview:large, max-video-preview:-1" />
<link rel="canonical" href="https://arte-coa.pt/en/foundation/sustentabilidade/" />
<meta property="og:locale" content="en_US" />
<meta property="og:type" content="article" />
<meta property="og:title" content="A FCP e os Objetivos de Desenvolvimento Sustentável (ODS) - Côa Parque" />
<meta property="og:url" content="https://arte-coa.pt/en/foundation/sustentabilidade/" />
<meta property="og:site_name" content="Côa Parque" />
<meta property="article:modified_time" content="2026-04-29T10:35:41+00:00" />
<meta name="twitter:card" content="summary_large_image" />
<meta name="twitter:label1" content="Est. reading time" />
	<meta name="twitter:data1" content="1 minute" />
<script type="application/ld+json" class="yoast-schema-graph">{"@context":"https://schema.org","@graph":[{"@type":"WebPage","@id":"https://arte-coa.pt/en/foundation/sustentabilidade/","url":"https://arte-coa.pt/en/foundation/sustentabilidade/","name":"A FCP e os Objetivos de Desenvolvimento Sustentável (ODS) - Côa Parque","isPartOf":{"@id":"https://arte-coa.pt/en/#website"},"datePublished":"2026-04-21T11:21:27+00:00","dateModified":"2026-04-29T10:35:41+00:00","breadcrumb":{"@id":"https://arte-coa.pt/en/foundation/sustentabilidade/#breadcrumb"},"inLanguage":"en-US","potentialAction":[{"@type":"ReadAction","target":["https://arte-coa.pt/en/foundation/sustentabilidade/"]}]},{"@type":"BreadcrumbList","@id":"https://arte-coa.pt/en/foundation/sustentabilidade/#breadcrumb","itemListElement":[{"@type":"ListItem","position":1,"name":"Home","item":"https://arte-coa.pt/en/"},{"@type":"ListItem","position":2,"name":"Foundation","item":"https://arte-coa.pt/en/foundation/"},{"@type":"ListItem","position":3,"name":"A FCP e os Objetivos de Desenvolvimento Sustentável (ODS)"}]},{"@type":"WebSite","@id":"https://arte-coa.pt/en/#website","url":"https://arte-coa.pt/en/","name":"Côa Parque","description":"Arte Côa","potentialAction":[{"@type":"SearchAction","target":{"@type":"EntryPoint","urlTemplate":"https://arte-coa.pt/en/?s={search_term_string}"},"query-input":{"@type":"PropertyValueSpecification","valueRequired":true,"valueName":"search_term_string"}}],"inLanguage":"en-US"}]}</script>
<!-- / Yoast SEO plugin. -->

A FCP e os Objetivos de Desenvolvimento Sustentável (ODS) - Côa Parque

Côa Parque

Arte Côa
